126)/c)?
3, 7, 13
Let l be 9/24 - 42309/(-72). Let x = l + -264. List the prime factors of x.
2, 3
Let i(u) be the first derivative of 5*u**4/4 - 2*u**3/3 + 3*u**2 - 5*u + 20. Let m be i(1). Suppose 0 = -m*g + 790 + 150. List the prime factors of g.
5, 47
Let c(m) be the third derivative of -m**6/120 - m**5/30 + m**4/6 + 233*m**3/6 - 111*m**2 - 1. What are the prime factors of c(0)?
233
Let m = 65 - 111. Let a = -27 - m. Let c = 44 - a. List the prime factors of c.
5
Let g(t) = -1423*t + 9. Let c be g(2). What are the prime factors of (-30)/(-20) + c/(-2)?
2, 5, 71
Let m(z) = -15*z**3 + 2*z**2 - 7*z - 2. Let w be m(-4). Suppose 0 = -t - 5, t = 3*k - 4*t - w. What are the prime factors of k?
331
Let h(s) = -99*s + 2728. List the prime factors of h(25).
11, 23
Let o be (-1)/(-2) + (-30)/60. Suppose 97*a - 102*a + 4265 = o. List the prime factors of a.
853
Suppose -3*z = -2*z - 5*z. Suppose 0 = -4*m + 12, z = k - 0*k + 3*m - 66. List the prime factors of k.
3, 19
Let n = 5 + 0. Let k be n/25 + 18/10. Suppose 2*f + 22 = k*x, 15 = -5*f - 0*f. List the prime factors of x.
2
Let i = 815 - 1544. Let m = i - -1561. What are the prime factors of m?
2, 13
Let m(q) = 0*q + q**3 - 1052 - 9*q + 1036 + 5*q**2. Let n be m(-6). Suppose -3*a = -3*v + 603, -v + a + 599 = n*v. What are the prime factors of v?
199
Suppose -41*b = 2*b - 703652. List the prime factors of b.
2, 4091
Let i be ((5 - 4) + (-9)/(-6))*-2. Let t = i - -10. Suppose 4*f = x + 892, -2*f - 67 = -t*x - 531. List the prime factors of f.
2, 3, 37
Suppose -4*b + 2*k = -16230, -2*b + 197*k = 200*k - 8127. What are the prime factors of b?
3, 11, 41
Let s = -160 - -154. Let y(u) = -2*u**3 - 3*u**2 + u - 3. What are the prime factors of y(s)?
3, 5, 7
What are the prime factors of (-430)/(-20)*(-40)/3*-81?
2, 3, 5, 43
Let v = -17967 + 41684. What are the prime factors of v?
37, 641
Suppose -2*g = -5*b + 81, 3*b + 4*g = -b + 76. Suppose 10*k - b*k = -3759. What are the prime factors of k?
3, 179
Suppose 7*l + 9*l = -112. List the prime factors of 1*(l/28 + 2586/8).
17, 19
Suppose 0 = -5*o + 3*c + 39496, 68*o = 72*o - c - 31601. What are the prime factors of o?
7901
Let m = -160 + 166. What are the prime factors of 2246/m + (364/42 - 9)?
2, 11, 17
Let w be (-3)/1*(-4)/(-12)*-773. Suppose -12*m + 5887 = -w. What are the prime factors of m?
3, 5, 37
Let y be (2/2 + -4)*200/(-24). Let w(s) = -11*s - 2*s + s**3 + y + 0*s**3 + 19 - 6*s**2. List the prime factors of w(7).
2
Let d be (3/(-4) - 3)/((-3)/(-12)). Let j be (-32)/d - (-12)/(-90). Suppose 3*k - 146 = j*k + 2*v, 5*k + 5*v - 775 = 0. List the prime factors of k.
2, 19
List the prime factors of 6 - (-8 + 139893/(-15)) - 4/20.
2, 5, 467
Suppose -2*n + 24766 = b, -71*b = -68*b - 3*n - 74280. What are the prime factors of b?
2, 3, 4127
Let p(x) = -x**3 - 41*x**2 - 1025*x + 3. List the prime factors of p(-39).
2, 3, 19
Suppose 0 = 13*i + 2*i + 45. What are the prime factors of i*(-582)/27 - (-16)/(-24)?
2
Suppose -6*y - 2 + 14 = 0. Let g be 6*y*(-4)/(2 - -6). What are the prime factors of g/(-9)*12/2?
2
Let l be (15/2)/((-21)/(-490)). Let v = 21 - l. Let j = v - -304. What are the prime factors of j?
2, 3, 5
Let q = 14911 - 5345. What are the prime factors of q?
2, 4783
Let c(n) = -11*n - 127. Let b be c(-22). List the prime factors of b/(-2)*(-354)/295.
3, 23
Let h(v) = v + 1. Let r be h(-3). Let a be ((-30)/18)/(r/6). List the prime factors of (-190)/((2/6)/(a/(-30))).
5, 19
Suppose 87*y = 70*y + 41*y - 1471752. What are the prime factors of y?
3, 20441
Let g(p) = -p**3 + 71*p**2 + 533*p + 354. What are the prime factors of g(76)?
2, 3, 1997
Let q be (-14 - -3)*(-3 + 2). Let v(w) = -5*w + q - 2*w - w**3 - 3 + 4. What are the prime factors of v(-5)?
2, 43
Suppose 0 = 137*o - 136*o + 2083. What are the prime factors of 6/(-72)*-6 - o/2?
2, 521
Suppose 2 = -n + 7. Suppose 2*f - 248 = -2*f - 3*h, -n*f + 307 = 3*h. Suppose 36 + f = i. What are the prime factors of i?
5, 19
Suppose 27*q - 180 = -3*q. What are the prime factors of (-4 - -5806)/q + 5?
2, 3
Suppose 406*r + 40118 = 408*r - 4*j, -3*r - 3*j + 60186 = 0. List the prime factors of r.
3, 743
What are the prime factors of (-14 - (-1104)/80)/((-4)/88940)?
4447
Let r(n) = 1978*n - 3461. List the prime factors of r(6).
7, 1201
Let a(z) = z**3 + z**2 - 42*z + 19603. What are the prime factors of a(0)?
19603
Let x = -58020 + 93004. What are the prime factors of x?
2, 4373
Let c = -9 - -14. Suppose c*q = 4*b - 124, b + 2*q - 122 = -4*b. List the prime factors of b.
2, 13
Let x be 22 - (4/(-6))/(32/144). Suppose x*l + 20552 = 39*l. List the prime factors of l.
2, 367
Let v = 2223 + -1163. What are the prime factors of v?
2, 5, 53
List the prime factors of (-22)/44 - (24657/2)/(-3).
7, 587
Let o(x) = -2*x**3 - 77*x**2 - 47*x + 9. List the prime factors of o(-38).
3, 13
Let u(x) = -63*x**3 - 5*x**2 - 10*x + 72. What are the prime factors of u(-8)?
2, 3, 7, 191
Suppose -3*r + 77362 = -m, 0 = -24*r + 19*r - 6*m + 128952. List the prime factors of r.
2, 3, 7, 307
Suppose -36*a + 163347 = -120729. What are the prime factors of a?
13, 607
Suppose -4*k = 2*w - 1049 - 747, 4*w - 3600 = -4*k. Suppose -7*d = -18*d - w. Let y = 173 + d. What are the prime factors of y?
7, 13
Let k(p) = 4*p**2 - 5*p - 7. Let r be k(-3). Let l = 46 - r. Suppose y = l*y - 26. List the prime factors of y.
2, 13
Suppose -z - 68*z = -96048. List the prime factors of z.
2, 3, 29
Suppose 731711 = 81*v - 2438710. List the prime factors of v.
3, 4349
Let f(u) = -u**3 + 9*u**2 + 8*u + 14. Suppose -54 = -5*i - 4. Let q be f(i). List the prime factors of (q/9)/((-6)/1107).
3, 41
Suppose -13 + 13 = -6*t. Suppose 5*u + 35 = 15, t = -3*q + 5*u + 836. Suppose 0*i = i - q. What are the prime factors of i?
2, 17
Let m(x) = -x**3 + 17*x**2 - 16*x + 19. Let p be m(16). List the prime factors of (p + -14)*(-474)/(-10).
3, 79
Suppose -n - 57*v = -56*v + 485, v - 1439 = 3*n. Let r = 63 - n. What are the prime factors of r?
2, 17
Let n = -276 + 410. Let r = n + -133. What are the prime factors of (0 + -4)/(r - 621/603)?
2, 67
Let h = -798 + 470. Let z = h - -566. What are the prime factors of z?
2, 7, 17
Let d = -29 + 31. Suppose -39 = z + d*z. Let q(c) = -c + 30. What are the prime factors of q(z)?
43
Suppose 0 = 66*a - 227961 - 475863. List the prime factors of a.
2, 31, 43
Let x(h) = -1433*h - 22. What are the prime factors of x(-3)?
7, 13, 47
Let q be (-1)/(-6)*2 + 36134/21. Suppose 24*g - 2*l + q = 25*g, -5*l = -4*g + 6871. List the prime factors of g.
3, 191
Suppose 0 = -6*b - 30, -3*r + 5*r + 4*b - 8158 = 0. What are the prime factors of r?
3, 29, 47
Let v be 4*9/24*4/3. Suppose -3*i - v*i + 55 = -5*j, -3*j + 7 = i. Suppose 12*x - 4 = i*x. What are the prime factors of x?
2
Let y be (-22)/(-99) + (-94)/(-27)*309. Suppose y = -51*f + 55*f. List the prime factors of f.
269
Let b = -761 - -762. What are the prime factors of (2395/(-35) + 5)*(b - 22)?
2, 3, 37
Let c(z) = -21*z**3 + 5*z**2 - 242*z - 19. What are the prime factors of c(-12)?
7, 41, 139
Let l be (3 - -4)/7 - 1. Suppose l = -4*h + 1140 + 420. List the prime factors of h.
2, 3, 5, 13
Let o be ((-11)/(-33))/((-2)/(-6)). Suppose -4*p = 9 - o. List the prime factors of 8/(-4) + p - -21.
17
Suppose -7714 = -5*w + f + 3231, 2*w + 4*f - 4400 = 0. What are the prime factors of w?
2, 3, 5, 73
Suppose 0 = 6*d - 1 + 1. Suppose 14*y - y = d. Suppose 3*q - 2*n - 746 + 83 = y, -4*n = -2*q + 442. What are the prime factors of q?
13, 17
Suppose -44*z - 8757326 = -213*z + 2024029. List the prime factors of z.
3, 5, 4253
Let z = 6291 + -4055. What are the prime factors of z?
2, 13, 43
Let k(d) = d**3 + 43*d**2 + 131*d + 31. Let z be k(-40). Let u = z - -868. List the prime factors of u.
3, 17
Suppose -11*g + 10*g + 1192 = 0. Suppose 2*u - 5*u + 1814 = -5*l, 0 = 2*u + l - g. What are the prime factors of u?
2, 13, 23
Suppose 4 = 3*c - 5. Suppose 0*k - 4*t = -c*k + 2, -3*k - 14 = 4*t. List the prime factors of (-2892)/(-39) + k/13.
2, 37
Let u(j) = 3*j - 19. Let h be u(11). Let f(g) = 90*g**2 + 2*g + 4. Let b be f(-2). Suppose -b = 9*z - h*z. List the prime factors of z.
2, 3
Suppose -c = -27 + 26. Let o(w) = 10*w - c + 0 - 7*w. List the prime factors of o(8).
23
Suppose 76039 - 16513 = 18*w. List the prime facto